{"id":1083,"date":"2023-02-16T01:21:23","date_gmt":"2023-02-16T01:21:23","guid":{"rendered":"https:\/\/sitetemp.inforabreu.pt\/aeps\/?page_id=1083"},"modified":"2023-03-22T01:04:15","modified_gmt":"2023-03-22T01:04:15","slug":"conselho-geral","status":"publish","type":"page","link":"https:\/\/sitetemp.inforabreu.pt\/aeps\/conselho-geral\/","title":{"rendered":"Conselho Geral"},"content":{"rendered":"<p>O <strong>Conselho Geral<\/strong> \u00e9 uma inst\u00e2ncia de participa\u00e7\u00e3o e decis\u00e3o na gest\u00e3o das institui\u00e7\u00f5es de ensino, e tem como principais fun\u00e7\u00f5es:<\/p>\n<ol>\n<li>\n<p>Aprovar o projeto educativo da institui\u00e7\u00e3o, que define os objetivos e as estrat\u00e9gias pedag\u00f3gicas.<\/p>\n<\/li>\n<li>\n<p>Aprovar o regulamento interno da institui\u00e7\u00e3o, que define as regras de funcionamento e conviv\u00eancia.<\/p>\n<\/li>\n<li>\n<p>Aprovar o plano anual de atividades e o or\u00e7amento da institui\u00e7\u00e3o.<\/p>\n<\/li>\n<li>\n<p>Acompanhar e avaliar o desempenho da institui\u00e7\u00e3o, podendo propor medidas de melhoria.<\/p>\n<\/li>\n<li>\n<p>Eleger os representantes dos pais e encarregados de educa\u00e7\u00e3o, dos alunos, dos funcion\u00e1rios e dos professores para o Conselho Geral.<\/p>\n<\/li>\n<li>\n<p>Propor \u00e0 tutela a cria\u00e7\u00e3o de cursos ou a introdu\u00e7\u00e3o de mudan\u00e7as na oferta educativa.<\/p>\n<\/li>\n<li>\n<p>Colaborar com a dire\u00e7\u00e3o da institui\u00e7\u00e3o na gest\u00e3o corrente e na resolu\u00e7\u00e3o de problemas.<\/p>\n<\/li>\n<li>\n<p>Exercer as demais compet\u00eancias que lhe sejam atribu\u00eddas por lei ou pelo regulamento interno da institui\u00e7\u00e3o.<\/p>\n<\/li>\n<\/ol>\n","protected":false},"excerpt":{"rendered":"<p>O Conselho Geral \u00e9 uma inst\u00e2ncia de participa\u00e7\u00e3o e decis\u00e3o na gest\u00e3o das institui\u00e7\u00f5es de ensino, e tem como principais fun\u00e7\u00f5es: Aprovar o projeto educativo da institui\u00e7\u00e3o, que define os objetivos e as estrat\u00e9gias pedag\u00f3gicas. Aprovar o regulamento interno da institui\u00e7\u00e3o, que define as regras de funcionamento e conviv\u00eancia. Aprovar o plano anual de atividades [&hellip;]<\/p>\n","protected":false},"author":1,"featured_media":0,"parent":0,"menu_order":0,"comment_status":"closed","ping_status":"closed","template":"","meta":{"footnotes":""},"class_list":["post-1083","page","type-page","status-publish","hentry"],"_links":{"self":[{"href":"https:\/\/sitetemp.inforabreu.pt\/aeps\/wp-json\/wp\/v2\/pages\/1083","targetHints":{"allow":["GET"]}}],"collection":[{"href":"https:\/\/sitetemp.inforabreu.pt\/aeps\/wp-json\/wp\/v2\/pages"}],"about":[{"href":"https:\/\/sitetemp.inforabreu.pt\/aeps\/wp-json\/wp\/v2\/types\/page"}],"author":[{"embeddable":true,"href":"https:\/\/sitetemp.inforabreu.pt\/aeps\/wp-json\/wp\/v2\/users\/1"}],"replies":[{"embeddable":true,"href":"https:\/\/sitetemp.inforabreu.pt\/aeps\/wp-json\/wp\/v2\/comments?post=1083"}],"version-history":[{"count":4,"href":"https:\/\/sitetemp.inforabreu.pt\/aeps\/wp-json\/wp\/v2\/pages\/1083\/revisions"}],"predecessor-version":[{"id":1315,"href":"https:\/\/sitetemp.inforabreu.pt\/aeps\/wp-json\/wp\/v2\/pages\/1083\/revisions\/1315"}],"wp:attachment":[{"href":"https:\/\/sitetemp.inforabreu.pt\/aeps\/wp-json\/wp\/v2\/media?parent=1083"}],"curies":[{"name":"wp","href":"https:\/\/api.w.org\/{rel}","templated":true}]}}