{"id":1231,"date":"2024-02-02T15:44:12","date_gmt":"2024-02-02T15:44:12","guid":{"rendered":"https:\/\/sitetemp.inforabreu.pt\/aevm\/?page_id=1231"},"modified":"2024-03-18T15:25:54","modified_gmt":"2024-03-18T15:25:54","slug":"criterios-avaliacao","status":"publish","type":"page","link":"https:\/\/sitetemp.inforabreu.pt\/aevm\/index.php\/criterios-avaliacao\/","title":{"rendered":"Crit\u00e9rios de Avalia\u00e7\u00e3o"},"content":{"rendered":"\t\t<div data-elementor-type=\"wp-page\" data-elementor-id=\"1231\" class=\"elementor elementor-1231\">\n\t\t\t\t<div class=\"elementor-element elementor-element-cc4f042 e-flex e-con-boxed e-con e-parent\" data-id=\"cc4f042\" data-element_type=\"container\" data-settings=\"{&quot;background_background&quot;:&quot;classic&quot;}\">\n\t\t\t\t\t<div class=\"e-con-inner\">\n\t\t<div class=\"elementor-element elementor-element-414d6ef e-con-full e-flex e-con e-child\" data-id=\"414d6ef\" data-element_type=\"container\">\n\t\t\t\t<div class=\"elementor-element elementor-element-45d7c59 elementor-widget elementor-widget-heading\" data-id=\"45d7c59\" data-element_type=\"widget\" data-widget_type=\"heading.default\">\n\t\t\t\t<div class=\"elementor-widget-container\">\n\t\t\t<h1 class=\"elementor-heading-title elementor-size-default\">Crit\u00e9rios de Avalia\u00e7\u00e3o 2023\/2024<\/h1>\t\t<\/div>\n\t\t\t\t<\/div>\n\t\t\t\t<\/div>\n\t\t\t\t\t<\/div>\n\t\t\t\t<\/div>\n\t\t<div class=\"elementor-element elementor-element-2c1501e e-flex e-con-boxed e-con e-parent\" data-id=\"2c1501e\" data-element_type=\"container\" data-settings=\"{&quot;background_background&quot;:&quot;classic&quot;}\">\n\t\t\t\t\t<div class=\"e-con-inner\">\n\t\t\t\t<div class=\"elementor-element elementor-element-77f8c526 elementor-widget elementor-widget-text-editor\" data-id=\"77f8c526\" data-element_type=\"widget\" data-widget_type=\"text-editor.default\">\n\t\t\t\t<div class=\"elementor-widget-container\">\n\t\t\t\t\t\t\t\n<table>\n<tbody>\n<tr>\n<td><strong>\u00a01.\u00ba Ano<\/strong><\/td>\n<td><strong>\u00a02.\u00ba Ano\u00a0<\/strong><\/td>\n<td><strong>\u00a03.\u00ba Ano<\/strong><\/td>\n<td><strong>\u00a04.\u00ba Ano<\/strong><\/td>\n<\/tr>\n<tr>\n<td><a href=\"https:\/\/drive.google.com\/file\/d\/1XwE3RsL_XBdmQEYMxVqp_pV4ghrcAHGW\/view?usp=sharing\">Portugu\u00eas<\/a>\n\n<a href=\"https:\/\/drive.google.com\/file\/d\/1NKE5jGtFxIqbA-rsgujksF4gcpJmrKLJ\/view?usp=sharing\">Matem\u00e1tica<\/a>\n\n<a href=\"https:\/\/drive.google.com\/file\/d\/1PFY_D9QnkFbBjBjwnd5ZocP01z3Le7F1\/view?usp=sharing\">Estudo do Meio<\/a>\n\nEduca\u00e7\u00e3o Art\u00edstica\u00a0\u00a0<a href=\"https:\/\/drive.google.com\/file\/d\/1rSSjW1E7goewtiowp7Ix3WQzVMYIPPl8\/view?usp=sharing\">Dan\u00e7a<\/a>\/<a href=\"https:\/\/drive.google.com\/file\/d\/1OIFzgno8XRktUtwxCt9cFsuNKeUeiYEg\/view?usp=sharing\">M\u00fasica<\/a>\n<a href=\"https:\/\/drive.google.com\/file\/d\/1uBIRJtnX8r03fKcOkVTJeBuLvAOzdf5e\/view?usp=sharing\">EDramatica<\/a>\/<a href=\"https:\/\/drive.google.com\/file\/d\/1WjJVthfxap5vgdd0L7EFvqZ02BNzhsLW\/view?usp=sharing\">Artes<\/a>\n\n<a href=\"https:\/\/drive.google.com\/file\/d\/1xnZPBfjggZE2xEYUz2idvnzIwBOxMwAc\/view?usp=sharing\">Educa\u00e7\u00e3o F\u00edsica<\/a>\n\n<a href=\"https:\/\/drive.google.com\/file\/d\/1RJkw3ZY8Jf9r72FbCCk-pg52qWpmbCv3\/view?usp=sharing\">Cidadania<\/a><\/td>\n<td><a href=\"https:\/\/drive.google.com\/file\/d\/1cyvRF-0sVDm6RPyNZdZiuaF8oUIVrDRe\/view?usp=sharing\">Portugu\u00eas<\/a>\n\n<a href=\"https:\/\/drive.google.com\/file\/d\/1LUpov1pPHXZ3deEsbkzimEfbgM2cyQ3N\/view?usp=sharing\">Matem\u00e1tica<\/a>\n\n<a href=\"https:\/\/drive.google.com\/file\/d\/1WFgx9EF5OPv2ZSnMt2GsTpPAYSyQGP3P\/view?usp=sharing\">Estudo do Meio<\/a>\n\nEduca\u00e7\u00e3o Art\u00edstica\u00a0\u00a0<a href=\"https:\/\/drive.google.com\/file\/d\/1UtciFMEDTfw9RHcfKiI2Iq_7busRjpNq\/view?usp=sharing\">Dan\u00e7a<\/a>\/<a href=\"https:\/\/drive.google.com\/file\/d\/10vgN2jTUAQXpPqZn3fu6LamxRzjx11E0\/view?usp=sharing\">M\u00fasica<\/a>\n<a href=\"https:\/\/drive.google.com\/file\/d\/1-ChpYQoPSEBur_-4OrPpVFcTpEolz9pp\/view?usp=sharing\">EDramatica<\/a>\/<a href=\"https:\/\/drive.google.com\/file\/d\/1JyqZockW8RfBmZpjy4s_fcYsa3uFCUG6\/view?usp=sharing\">Artes<\/a>\n\n<a href=\"https:\/\/drive.google.com\/file\/d\/1xnZPBfjggZE2xEYUz2idvnzIwBOxMwAc\/view?usp=sharing\">Educa\u00e7\u00e3o F\u00edsica<\/a>\n\n<a href=\"https:\/\/drive.google.com\/file\/d\/1RJkw3ZY8Jf9r72FbCCk-pg52qWpmbCv3\/view?usp=sharing\">Cidadania<\/a><\/td>\n<td><a href=\"https:\/\/drive.google.com\/file\/d\/1w8mHvv3urVBRbH5p0-AC9RDy7jGTZPPH\/view?usp=sharing\">Portugu\u00eas<\/a>\n\n<a href=\"https:\/\/drive.google.com\/file\/d\/1XPl72vTyWeJ3BKJJ-4f9y2jJLNcXBn2j\/view?usp=sharing\">Ingl\u00eas<\/a>\n\n<a href=\"https:\/\/drive.google.com\/file\/d\/16mf8qBcjlKs1L1u_qCMd-I3SMdQUBBkT\/view?usp=sharing\">Matem\u00e1tica<\/a>\n\n<a href=\"https:\/\/drive.google.com\/file\/d\/14TNwApfcWkpLhEuBBqFuNTYOL0f8eJ_N\/view?usp=sharing\">Estudo do Meio<\/a>\n\nEduca\u00e7\u00e3o Art\u00edstica\u00a0\u00a0<a href=\"https:\/\/drive.google.com\/file\/d\/1EyIVEXNOonh8Aw3-YRR_55OYq08ZN_F0\/view?usp=sharing\">Dan\u00e7a<\/a>\/<a href=\"https:\/\/drive.google.com\/file\/d\/1EyIVEXNOonh8Aw3-YRR_55OYq08ZN_F0\/view?usp=sharing\">M\u00fasica<\/a>\n<a href=\"https:\/\/drive.google.com\/file\/d\/15b8Qq2Oa9rH4YX5o3YstroMJrUBdqsFH\/view?usp=sharing\">EDramatica<\/a>\/<a href=\"https:\/\/drive.google.com\/file\/d\/1LapagZM9xLQ4j-72SpV3e6dsSxu_hEwW\/view?usp=sharing\">Artes<\/a>\n\n<a href=\"https:\/\/drive.google.com\/file\/d\/1IS31ZYK0AY2OMvbB9YdmQi3oRSFWv-2c\/view?usp=sharing\">Educa\u00e7\u00e3o F\u00edsica<\/a>\n\n<a href=\"https:\/\/drive.google.com\/file\/d\/1QpOgr0lQYP9if4C_iahjSaoxK32zg6iQ\/view?usp=sharing\">Cidadania<\/a><\/td>\n<td><a href=\"https:\/\/drive.google.com\/file\/d\/1Ad1TzP3XM_Z--Zu9uwla8yN1z4b6SceS\/view?usp=sharing\">Portugu\u00eas<\/a>\n\n<a href=\"https:\/\/drive.google.com\/file\/d\/1Cf1DMUP7J1D_GFLOTzohL7Bvt7YiX1G7\/view?usp=sharing\">Ingl\u00eas<\/a>\n\n<a href=\"https:\/\/drive.google.com\/file\/d\/1ZGaFLw2O396CT5kuKqZTWWCM3i3r9mOS\/view?usp=drive_link\">Matem\u00e1tica<\/a>\n\n<a href=\"https:\/\/drive.google.com\/file\/d\/1ttFZFNne6dW0A0AhocE0e6WwNTwWdYej\/view?usp=drive_link\">Estudo do Meio<\/a>\n\nEduca\u00e7\u00e3o Art\u00edstica\u00a0\u00a0<a href=\"https:\/\/drive.google.com\/file\/d\/1Ea3SuuM6_f5lnSu7qo_gK-08dyyFDn5s\/view?usp=drive_link\">Dan\u00e7a<\/a>\/<a href=\"https:\/\/drive.google.com\/file\/d\/12kLqt6Gs1biKAQ83K0Hmn1Z71EVh2W_P\/view?usp=drive_link\">M\u00fasica<\/a>\n<a href=\"https:\/\/drive.google.com\/file\/d\/1SLFcIQakszkn2leWoqgIVU89_AKtfKIE\/view?usp=drive_link\">EDramatica<\/a>\/<a href=\"https:\/\/drive.google.com\/file\/d\/1SIcTDi9ZegYA2CLi2UEiEXJ0zvOVguQK\/view?usp=sharing\">Artes<\/a>\n\n<a href=\"https:\/\/drive.google.com\/file\/d\/1N4TE3oZxb0o2kZ3KE7wr6kVbz5uivn6r\/view?usp=drive_link\">Educa\u00e7\u00e3o F\u00edsica<\/a>\n\n<a href=\"https:\/\/drive.google.com\/file\/d\/1RJkw3ZY8Jf9r72FbCCk-pg52qWpmbCv3\/view?usp=sharing\">Cidadania<\/a><\/td>\n<\/tr>\n<\/tbody>\n<\/table>\n<table>\n<tbody>\n<tr>\n<td>5.\u00ba Ano<\/td>\n<td>6.\u00ba Ano<\/td>\n<td>7.\u00ba Ano<\/td>\n<td>8.\u00ba Ano<\/td>\n<td>9.\u00ba Ano<\/td>\n<\/tr>\n<tr>\n<td><a href=\"https:\/\/drive.google.com\/file\/d\/15yo0BrHJrTX0MqY20jlTVGaa2XiDqSXY\/view?usp=sharing\">Matem\u00e1tica<\/a>\n<a href=\"https:\/\/drive.google.com\/file\/d\/19L2KwNe334PlJROjrM-WoTiC27uF_FUu\/view?usp=sharing\">Portugu\u00eas<\/a>\n<a href=\"https:\/\/drive.google.com\/file\/d\/172EPzeuIjWV010_1-VRI2AiVRK5V9bQ_\/view?usp=sharing\">Ingl\u00eas<\/a>\n<a href=\"https:\/\/drive.google.com\/file\/d\/1_61pDVaAFFU9zqIk4ahxSzIoa6irCHbt\/view?usp=sharing\">HGP<\/a>\n<a href=\"https:\/\/drive.google.com\/file\/d\/1S38yKzzwlVtkF6KQTIv0K8C1BqXLLEnh\/view?usp=sharing\">Ci\u00eancias Naturais<\/a>\n<a href=\"https:\/\/drive.google.com\/file\/d\/1VcLhCV5PubFni291Ve3Z8LXgR-lAjr48\/view?usp=sharing\">Ed. Visual<\/a>\n<a href=\"https:\/\/drive.google.com\/file\/d\/1VuuYU3DqTGSLsKC97umnXMo3lltV7vM2\/view?usp=sharing\">Ed. Tecnol\u00f3gica<\/a>\n<a href=\"https:\/\/drive.google.com\/file\/d\/1IPvpHQAumaIMKj2ZEhp5SHxJuqFhu0Uw\/view?usp=sharing\">Ed. Musical<\/a>\n\n<a href=\"https:\/\/drive.google.com\/file\/d\/1A83rHyG3uTlO8MntAUXYh8fC2Bjx-o1z\/view?usp=sharing\">Ed. F\u00edsica<\/a>\n<a href=\"https:\/\/drive.google.com\/file\/d\/19EaYzMnLbTHrOnA7ejZKxmlecwIMJgUx\/view?usp=sharing\">EMRC<\/a>\/<a href=\"https:\/\/drive.google.com\/file\/d\/1_1X_yFVevVMxv8XjLCgaJlMi9o7A25HX\/view?usp=sharing\">EMRE<\/a>\n<a href=\"https:\/\/drive.google.com\/file\/d\/1FtfNzQBG2QReq56W58xP7T42vmQKo_26\/view?usp=sharing\">Cidadania e Desenvolvimento<\/a>\n<a href=\"https:\/\/drive.google.com\/file\/d\/15_mGZzmfB-LkAdOj-zJFTLfDhzdIRUJJ\/view?usp=sharing\">Oficina de Projeto<\/a>\/<a href=\"https:\/\/drive.google.com\/file\/d\/1Sc7ZxeikmP0xReCMR9Hk3M2x7pz-uFdY\/view?usp=sharing\">TIC<\/a><\/td>\n<td><a href=\"https:\/\/drive.google.com\/file\/d\/15yo0BrHJrTX0MqY20jlTVGaa2XiDqSXY\/view?usp=sharing\">Matem\u00e1tica<\/a>\n<a href=\"https:\/\/drive.google.com\/file\/d\/1wwbKMMzP4fMbMsRqUZGdF-XbKJgrtwi0\/view?usp=sharing\">Portugu\u00eas<\/a>\n<a href=\"https:\/\/drive.google.com\/file\/d\/1kgdu-Ohh84MP_6PBE8pi3Ssnrjuuh2c0\/view?usp=sharing\">Ingl\u00eas<\/a>\n<a href=\"https:\/\/drive.google.com\/file\/d\/1_61pDVaAFFU9zqIk4ahxSzIoa6irCHbt\/view?usp=sharing\">HGP<\/a>\n<a href=\"https:\/\/drive.google.com\/file\/d\/1Agv7-atFSkfWT_7D6s_pyLnMkZfiWIWB\/view?usp=sharing\">Ci\u00eancias Naturais<\/a>\n<a href=\"https:\/\/drive.google.com\/file\/d\/1VcLhCV5PubFni291Ve3Z8LXgR-lAjr48\/view?usp=sharing\">Ed. Visual<\/a>\n<a href=\"https:\/\/drive.google.com\/file\/d\/13ZYdmB6FdNQO6cxFuR0skgQ0VjDQju6M\/view?usp=sharing\">Ed. Tecnol\u00f3gica<\/a>\n<a href=\"https:\/\/drive.google.com\/file\/d\/1IPvpHQAumaIMKj2ZEhp5SHxJuqFhu0Uw\/view?usp=sharing\">Ed. Musical<\/a>\n<a href=\"https:\/\/drive.google.com\/file\/d\/1A83rHyG3uTlO8MntAUXYh8fC2Bjx-o1z\/view?usp=sharing\">Ed. F\u00edsica<\/a>\n<a href=\"https:\/\/drive.google.com\/file\/d\/1RZT-dLKHrIFvc-JVI0bQyQYHUv9Ked9Q\/view?usp=sharing\">EMRC<\/a>\/<a href=\"https:\/\/drive.google.com\/file\/d\/1_1X_yFVevVMxv8XjLCgaJlMi9o7A25HX\/view?usp=sharing\">EMRE<\/a>\n<a href=\"https:\/\/drive.google.com\/file\/d\/1FtfNzQBG2QReq56W58xP7T42vmQKo_26\/view?usp=sharing\">Cidadania e Desenvolvimento<\/a>\n<a href=\"https:\/\/drive.google.com\/file\/d\/15_mGZzmfB-LkAdOj-zJFTLfDhzdIRUJJ\/view?usp=sharing\">Oficina de Projeto<\/a>\/<a href=\"https:\/\/drive.google.com\/file\/d\/1J0-1nSTp0yjC-ELWPkpSGPMHDUv2R40y\/view?usp=sharing\">TIC<\/a><\/td>\n<td><a href=\"https:\/\/drive.google.com\/file\/d\/1s_VbRCLC3ZVg_sxbUtPQtmeY2sCCkYSO\/view?usp=sharing\">Matem\u00e1tica<\/a>\n<a href=\"https:\/\/drive.google.com\/file\/d\/1RSAj3rYGViWVwBvw719mNfGqdO8ud5wS\/view?usp=sharing\">Portugu\u00eas<\/a>\n<a href=\"https:\/\/drive.google.com\/file\/d\/1m5iloHuk4dJEZLeZjCl29Rl_8t7JE6zA\/view?usp=sharing\">Ingl\u00eas<\/a>\n<a href=\"https:\/\/drive.google.com\/file\/d\/1H35RFmFYVdVPMoFIUI7Y-miaaGgO75sd\/view?usp=sharing\">Franc\u00eas<\/a>\n<a href=\"https:\/\/drive.google.com\/file\/d\/1YtJl0ACH0_oLFTSOxemXp6nRGV2sZLZ0\/view?usp=sharing\">F\u00edsico \u2013 Qu\u00edmica<\/a>\n<a href=\"https:\/\/drive.google.com\/file\/d\/15mg9xx9YfeU_Jc--LD6lyhJzlRghiFRg\/view?usp=sharing\">Ci\u00eancias Naturais<\/a>\n<a href=\"https:\/\/drive.google.com\/file\/d\/1uCJTxWbqkq7qtrV5SEwF89zV7oS6m1lN\/view?usp=sharing\">Ed. F\u00edsica<\/a>\n<a href=\"https:\/\/drive.google.com\/file\/d\/1VcLhCV5PubFni291Ve3Z8LXgR-lAjr48\/view?usp=sharing\">Ed. Visual<\/a>\n<a href=\"https:\/\/drive.google.com\/file\/d\/1lGX5DJw7SUfby9yjP7Sd2Hj7ZUtVYH7h\/view?usp=sharing\">Hist\u00f3ria<\/a>\n\n<a href=\"https:\/\/drive.google.com\/file\/d\/19Boq6OAq2Ze0bckGdFQeuqdc5rBr4N0p\/view?usp=sharing\">Geografia<\/a>\n<a href=\"https:\/\/drive.google.com\/file\/d\/1D9bSj3g1qBs-c2itbKrc-Wr6agy3wQTJ\/view?usp=sharinghttps:\/\/drive.google.com\/file\/d\/1D9bSj3g1qBs-c2itbKrc-Wr6agy3wQTJ\/view?usp=sharing\">Express\u00e3o Pl\u00e1stica<\/a>\n<a href=\"https:\/\/drive.google.com\/file\/d\/1QB7i-1NvXLpJ6hI-Vj5hZtouc8UmtIjc\/view?usp=sharing\">M\u00fasica<\/a>\n<a href=\"https:\/\/drive.google.com\/file\/d\/1TLsAFfHC97KV-zYtQA8FFN-UYnc-H3t6\/view?usp=sharing\">Teatro<\/a>\n<a href=\"https:\/\/drive.google.com\/file\/d\/1FtfNzQBG2QReq56W58xP7T42vmQKo_26\/view?usp=sharing\">Cidadania e Desenvolvimento<\/a>\n<a href=\"https:\/\/drive.google.com\/file\/d\/1nfgqbMLTEttA3GYMypL7Nlxef2NfTotn\/view?usp=sharing\">EMRC<\/a>\/<a href=\"https:\/\/drive.google.com\/file\/d\/1_1X_yFVevVMxv8XjLCgaJlMi9o7A25HX\/view?usp=sharing\">EMRE<\/a>\n<a href=\"https:\/\/drive.google.com\/file\/d\/15_mGZzmfB-LkAdOj-zJFTLfDhzdIRUJJ\/view?usp=sharing\">Oficina de Projeto<\/a>\/<a href=\"https:\/\/drive.google.com\/file\/d\/1f_LSq7SoJlONnx8T0QsyBQNtIpkp-xt_\/view?usp=sharing\">TIC<\/a><\/td>\n<td><a href=\"https:\/\/drive.google.com\/file\/d\/1s_VbRCLC3ZVg_sxbUtPQtmeY2sCCkYSO\/view?usp=sharing\">Matem\u00e1tica<\/a>\n<a href=\"https:\/\/drive.google.com\/file\/d\/1RSAj3rYGViWVwBvw719mNfGqdO8ud5wS\/view?usp=sharing\">Portugu\u00eas<\/a>\n<a href=\"https:\/\/drive.google.com\/file\/d\/1B9XgK0emFe8681hL7dSdXHMdx9vWid4v\/view?usp=sharing\">Ingl\u00eas<\/a>\n<a href=\"https:\/\/drive.google.com\/file\/d\/1NNBu50-Y4Wq79JhTgDrw1kAuCngPyumA\/view?usp=sharing\">Franc\u00eas<\/a>\n<a href=\"https:\/\/drive.google.com\/file\/d\/1yNgwfy0Oa8_SEz1wQ5QUOMZnIj_L1Twa\/view?usp=sharing\">F\u00edsico \u2013 Qu\u00edmica<\/a>\n<a href=\"https:\/\/drive.google.com\/file\/d\/1yq2is-x3jB1AtVnLdqj0nbbKCpzt97Ll\/view?usp=sharing\">Ci\u00eancias Naturais<\/a>\n<a href=\"https:\/\/drive.google.com\/file\/d\/1aFcVifUci1JnMJedBtjDUXrNOg74dSxf\/view?usp=sharing\">Ed. F\u00edsica<\/a>\n<a href=\"https:\/\/drive.google.com\/file\/d\/1VcLhCV5PubFni291Ve3Z8LXgR-lAjr48\/view?usp=sharing\">Ed. Visual<\/a>\n<a href=\"https:\/\/drive.google.com\/file\/d\/16AoIonv8F8aazVDHE805pqY26B9FVLCP\/view?usp=sharing\">Hist\u00f3ria<\/a>\n<a href=\"https:\/\/drive.google.com\/file\/d\/19Boq6OAq2Ze0bckGdFQeuqdc5rBr4N0p\/view?usp=sharing\">Geografia<\/a>\n<a href=\"https:\/\/drive.google.com\/file\/d\/1D9bSj3g1qBs-c2itbKrc-Wr6agy3wQTJ\/view?usp=sharing\">Express\u00e3o Pl\u00e1stica<\/a>\n<a href=\"https:\/\/drive.google.com\/file\/d\/1QB7i-1NvXLpJ6hI-Vj5hZtouc8UmtIjc\/view?usp=sharing\">M\u00fasica<\/a>\n<a href=\"https:\/\/drive.google.com\/file\/d\/1TLsAFfHC97KV-zYtQA8FFN-UYnc-H3t6\/view?usp=sharing\">Teatro<\/a>\n<a href=\"https:\/\/drive.google.com\/file\/d\/1FtfNzQBG2QReq56W58xP7T42vmQKo_26\/view?usp=sharing\">Cidadania e Desenvolvimento<\/a>\n<a href=\"https:\/\/drive.google.com\/file\/d\/1sFUcvlJRTRjf3qX8KG8PSvafSd78Axrh\/view?usp=sharing\">EMRC<\/a>\/<a href=\"https:\/\/drive.google.com\/file\/d\/1_1X_yFVevVMxv8XjLCgaJlMi9o7A25HX\/view?usp=sharing\">EMRE<\/a>\n<a href=\"https:\/\/drive.google.com\/file\/d\/15_mGZzmfB-LkAdOj-zJFTLfDhzdIRUJJ\/view?usp=sharing\">Oficina de Projeto<\/a>\/<a href=\"https:\/\/drive.google.com\/file\/d\/1f_LSq7SoJlONnx8T0QsyBQNtIpkp-xt_\/view?usp=sharing\">TIC<\/a><\/td>\n<td><a href=\"https:\/\/drive.google.com\/file\/d\/1v9FAwD4-cs4psdPTTkCNtQxjbpTk_oYM\/view?usp=sharing\">Matem\u00e1tica<\/a>\n<a href=\"https:\/\/drive.google.com\/file\/d\/1RSAj3rYGViWVwBvw719mNfGqdO8ud5wS\/view?usp=sharing\">Portugu\u00eas<\/a>\n<a href=\"https:\/\/drive.google.com\/file\/d\/1WpWIHKuja2G-gUct3epqJExITmiokg3Q\/view?usp=sharing\">Ingl\u00eas<\/a>\n<a href=\"https:\/\/drive.google.com\/file\/d\/1frMUNXMZvGAHojWSPDNXupgWcAFld1jQ\/view?usp=sharing\">Franc\u00eas<\/a>\n<a href=\"https:\/\/drive.google.com\/file\/d\/1MSuIwQ2LVsOo6Iy_uTsNgyl7aSYgvDPc\/view?usp=sharing\">F\u00edsico \u2013 Qu\u00edmica<\/a>\n<a href=\"https:\/\/drive.google.com\/file\/d\/1TZy_P8qidUZKSrS_Geklus55KEYMWnDz\/view?usp=sharing\">Ci\u00eancias Naturais<\/a>\n<a href=\"https:\/\/drive.google.com\/file\/d\/156XzGHX7_pe_6uE9ynD6OG4F4NwAKoFl\/view?usp=sharing\">Ed. F\u00edsica<\/a>\n<a href=\"https:\/\/drive.google.com\/file\/d\/1VcLhCV5PubFni291Ve3Z8LXgR-lAjr48\/view?usp=sharing\">Ed. Visual<\/a>\n<a href=\"https:\/\/drive.google.com\/file\/d\/1lxRzp7L4DnYyHoiiOwUVN7FIYICbWEaA\/view?usp=sharing\">Hist\u00f3ria<\/a>\n\n<a href=\"https:\/\/drive.google.com\/file\/d\/1D404jQJlLTHTOGcrlnXc-GVj6flMxkaR\/view?usp=sharing\">Hist\u00f3ria (Plano de Inova\u00e7\u00e3o)<\/a>\n<a href=\"https:\/\/drive.google.com\/file\/d\/19Boq6OAq2Ze0bckGdFQeuqdc5rBr4N0p\/view?usp=sharing\">Geografia<\/a>\n<a href=\"https:\/\/drive.google.com\/file\/d\/1FtfNzQBG2QReq56W58xP7T42vmQKo_26\/view?usp=sharing\">Cidadania e Desenvolvimento<\/a>\n<a href=\"https:\/\/drive.google.com\/file\/d\/1fBx4oOqHxbw5qz_pp5xZBBsuQuZkbiPS\/view?usp=sharing\">EMRC<\/a>\/<a href=\"https:\/\/drive.google.com\/file\/d\/1_1X_yFVevVMxv8XjLCgaJlMi9o7A25HX\/view?usp=sharing\">EMRE<\/a>\n<a href=\"https:\/\/drive.google.com\/file\/d\/15_mGZzmfB-LkAdOj-zJFTLfDhzdIRUJJ\/view?usp=sharing\">Oficina de Projeto<\/a>\/<a href=\"https:\/\/drive.google.com\/file\/d\/1f_LSq7SoJlONnx8T0QsyBQNtIpkp-xt_\/view?usp=sharing\">TIC<\/a><\/td>\n<\/tr>\n<\/tbody>\n<\/table>\t\t\t\t\t\t<\/div>\n\t\t\t\t<\/div>\n\t\t\t\t\t<\/div>\n\t\t\t\t<\/div>\n\t\t\t\t<\/div>\n\t\t","protected":false},"excerpt":{"rendered":"<p>Crit\u00e9rios de Avalia\u00e7\u00e3o 2023\/2024 \u00a01.\u00ba Ano \u00a02.\u00ba Ano\u00a0 \u00a03.\u00ba Ano \u00a04.\u00ba Ano Portugu\u00eas Matem\u00e1tica Estudo do Meio Educa\u00e7\u00e3o Art\u00edstica\u00a0\u00a0Dan\u00e7a\/M\u00fasica EDramatica\/Artes Educa\u00e7\u00e3o F\u00edsica Cidadania Portugu\u00eas Matem\u00e1tica Estudo do Meio Educa\u00e7\u00e3o Art\u00edstica\u00a0\u00a0Dan\u00e7a\/M\u00fasica EDramatica\/Artes Educa\u00e7\u00e3o F\u00edsica Cidadania Portugu\u00eas Ingl\u00eas Matem\u00e1tica Estudo do Meio Educa\u00e7\u00e3o Art\u00edstica\u00a0\u00a0Dan\u00e7a\/M\u00fasica EDramatica\/Artes Educa\u00e7\u00e3o F\u00edsica Cidadania Portugu\u00eas Ingl\u00eas Matem\u00e1tica Estudo do Meio Educa\u00e7\u00e3o Art\u00edstica\u00a0\u00a0Dan\u00e7a\/M\u00fasica EDramatica\/Artes [&hellip;]<\/p>\n","protected":false},"author":1,"featured_media":0,"parent":0,"menu_order":0,"comment_status":"closed","ping_status":"closed","template":"","meta":{"_seopress_robots_primary_cat":"","_seopress_titles_title":"","_seopress_titles_desc":"","_seopress_robots_index":"","site-sidebar-layout":"no-sidebar","site-content-layout":"page-builder","ast-site-content-layout":"","site-content-style":"default","site-sidebar-style":"default","ast-global-header-display":"","ast-banner-title-visibility":"","ast-main-header-display":"","ast-hfb-above-header-display":"","ast-hfb-below-header-display":"","ast-hfb-mobile-header-display":"","site-post-title":"disabled","ast-breadcrumbs-content":"disabled","ast-featured-img":"disabled","footer-sml-layout":"","theme-transparent-header-meta":"default","adv-header-id-meta":"","stick-header-meta":"","header-above-stick-meta":"","header-main-stick-meta":"","header-below-stick-meta":"","astra-migrate-meta-layouts":"default","ast-page-background-enabled":"default","ast-page-background-meta":{"desktop":{"background-color":"","background-image":"","background-repeat":"repeat","background-position":"center center","background-size":"auto","background-attachment":"scroll","background-type":"","background-media":"","overlay-type":"","overlay-color":"","overlay-opacity":"","overlay-gradient":""},"tablet":{"background-color":"","background-image":"","background-repeat":"repeat","background-position":"center center","background-size":"auto","background-attachment":"scroll","background-type":"","background-media":"","overlay-type":"","overlay-color":"","overlay-opacity":"","overlay-gradient":""},"mobile":{"background-color":"","background-image":"","background-repeat":"repeat","background-position":"center center","background-size":"auto","background-attachment":"scroll","background-type":"","background-media":"","overlay-type":"","overlay-color":"","overlay-opacity":"","overlay-gradient":""}},"ast-content-background-meta":{"desktop":{"background-color":"var(--ast-global-color-5)","background-image":"","background-repeat":"repeat","background-position":"center center","background-size":"auto","background-attachment":"scroll","background-type":"","background-media":"","overlay-type":"","overlay-color":"","overlay-opacity":"","overlay-gradient":""},"tablet":{"background-color":"var(--ast-global-color-5)","background-image":"","background-repeat":"repeat","background-position":"center center","background-size":"auto","background-attachment":"scroll","background-type":"","background-media":"","overlay-type":"","overlay-color":"","overlay-opacity":"","overlay-gradient":""},"mobile":{"background-color":"var(--ast-global-color-5)","background-image":"","background-repeat":"repeat","background-position":"center center","background-size":"auto","background-attachment":"scroll","background-type":"","background-media":"","overlay-type":"","overlay-color":"","overlay-opacity":"","overlay-gradient":""}},"footnotes":""},"class_list":["post-1231","page","type-page","status-publish","hentry"],"_links":{"self":[{"href":"https:\/\/sitetemp.inforabreu.pt\/aevm\/index.php\/wp-json\/wp\/v2\/pages\/1231","targetHints":{"allow":["GET"]}}],"collection":[{"href":"https:\/\/sitetemp.inforabreu.pt\/aevm\/index.php\/wp-json\/wp\/v2\/pages"}],"about":[{"href":"https:\/\/sitetemp.inforabreu.pt\/aevm\/index.php\/wp-json\/wp\/v2\/types\/page"}],"author":[{"embeddable":true,"href":"https:\/\/sitetemp.inforabreu.pt\/aevm\/index.php\/wp-json\/wp\/v2\/users\/1"}],"replies":[{"embeddable":true,"href":"https:\/\/sitetemp.inforabreu.pt\/aevm\/index.php\/wp-json\/wp\/v2\/comments?post=1231"}],"version-history":[{"count":7,"href":"https:\/\/sitetemp.inforabreu.pt\/aevm\/index.php\/wp-json\/wp\/v2\/pages\/1231\/revisions"}],"predecessor-version":[{"id":1531,"href":"https:\/\/sitetemp.inforabreu.pt\/aevm\/index.php\/wp-json\/wp\/v2\/pages\/1231\/revisions\/1531"}],"wp:attachment":[{"href":"https:\/\/sitetemp.inforabreu.pt\/aevm\/index.php\/wp-json\/wp\/v2\/media?parent=1231"}],"curies":[{"name":"wp","href":"https:\/\/api.w.org\/{rel}","templated":true}]}}